alculate the highest common factor of 5319244 and 3822.
98
What is the highest common factor of 6881248 and 64?
32
Calculate the greatest common factor of 7567742 and 364.
182
What is the highest common divisor of 5867673 and 21?
21
What is the greatest common factor of 30104 and 2914576?
424
What is the greatest common divisor of 9200 and 212256650?
1150
What is the highest common divisor of 1231481338 and 1322?
1322
Calculate the greatest common factor of 5212772 and 4202.
382
Calculate the greatest common divisor of 1547 and 19201364.
1547
Calculate the highest common factor of 248 and 576476744.
248
Calculate the highest common factor of 19663776 and 576.
288
Calculate the greatest common divisor of 38919661 and 77.
11
Calculate the highest common factor of 32318352 and 1232.
176
What is the highest common factor of 5750 and 920?
230
What is the greatest common factor of 350 and 150317450?
50
What is the greatest common factor of 18124023 and 138?
69
Calculate the greatest common divisor of 7515840 and 90.
30
What is the highest common factor of 236 and 39897747?
59
Calculate the highest common factor of 15 and 410512920.
15
What is the highest common divisor of 3128 and 175720?
184
What is the highest common divisor of 128 and 71487872?
128
Calculate the highest common factor of 3585835 and 2915.
55
What is the greatest common factor of 89000 and 992350?
4450
What is the greatest common factor of 20887955 and 27280?
1705
What is the greatest common divisor of 29938 and 5958?
2
What is the greatest common divisor of 31899735 and 629?
629
What is the greatest common factor of 657760 and 1120?
160
What is the greatest common divisor of 53253669 and 2274?
1137
Calculate the greatest common factor of 930548 and 13511.
59
What is the highest common divisor of 430978 and 37640?
1882
Calculate the highest common divisor of 4 and 17984396.
4
Calculate the highest common divisor of 1310526825 and 100.
25
Calculate the highest common divisor of 693120 and 876.
12
What is the greatest common factor of 504 and 1675464?
168
Calculate the greatest common factor of 431 and 570747009.
431
What is the highest common divisor of 120581877 and 13?
13
What is the highest common factor of 69 and 172088944?
23
What is the greatest common divisor of 20524 and 94748?
4
What is the greatest common divisor of 1404556555 and 9602?
4801
Calculate the greatest common factor of 966 and 289716.
42
Calculate the greatest common divisor of 825085156 and 14.
14
What is the greatest common factor of 5544425 and 30095?
2315
Calculate the highest common factor of 2562 and 13321182.
42
What is the greatest common factor of 1047 and 30588454?
349
Calculate the highest common factor of 12237966 and 8424.
2106
Calculate the greatest common divisor of 120432573 and 1244.
311
Calculate the highest common factor of 141946942 and 914.
914
Calculate the highest common factor of 3635 and 313326095.
3635
What is the highest common divisor of 3333030 and 3325800?
7230
What is the highest common factor of 275 and 17906165?
5
What is the greatest common factor of 127 and 43756961?
127
What is the highest common divisor of 2971450 and 41875?
1675
What is the highest common divisor of 574317 and 787383?
801
What is the highest common factor of 1225 and 172922575?
175
What is the highest common factor of 1125 and 978475?
25
Calculate the highest common factor of 117 and 75729784.
13
Calculate the greatest common divisor of 180714818 and 1403.
1403
What is the greatest common divisor of 72897084 and 252?
36
What is the highest common divisor of 242591397 and 4908?
1227
Calculate the greatest common divisor of 1792 and 16424268.
28
What is the greatest common factor of 2048014 and 3599?
61
What is the highest common divisor of 31160 and 5056280?
760
Calculate the highest common factor of 68 and 26392064.
4
Calculate the greatest common divisor of 638 and 5037822.
58
What is the greatest common divisor of 64 and 10896276?
4
Calculate the greatest common divisor of 896775 and 285.
15
What is the greatest common factor of 2595 and 14155?
5
Calculate the greatest common divisor of 3814165 and 40.
5
Calculate the highest common divisor of 120 and 54368060.
20
What is the highest common factor of 1225851983 and 227?
227
What is the greatest common factor of 45330 and 44715?
15
Calculate the greatest common factor of 116889 and 106112.
829
What is the highest common factor of 809976 and 31?
1
Calculate the greatest common divisor of 650804 and 308.
308
Calculate the highest common factor of 4202 and 46619089.
2101
What is the greatest common divisor of 33820 and 5166860?
380
What is the greatest common divisor of 2639 and 2196083?
29
What is the highest common divisor of 3685794 and 6096?
762
What is the highest common factor of 7602 and 202353837?
3801
Calculate the greatest common factor of 59175767 and 28.
7
What is the highest common divisor of 720201 and 1636938?
1293
What is the greatest common divisor of 128 and 9850080?
32
Calculate the highest common divisor of 42041976 and 184.
184
Calculate the highest common divisor of 12512 and 285600.
544
What is the greatest common factor of 1164409316 and 184?
92
Calculate the highest common divisor of 237227379 and 9036.
753
Calculate the greatest common factor of 658502 and 7904.
494
What is the greatest common divisor of 1870873 and 23313?
19
What is the highest common factor of 701322818 and 14?
14
Calculate the highest common divisor of 44 and 950830694.
22
Calculate the highest common divisor of 5227934 and 55898.
2942
Calculate the highest common factor of 2799818 and 3490522.
12334
Calculate the highest common divisor of 42369 and 1089886033.
14123
Calculate the greatest common divisor of 91866456 and 242.
22
Calculate the greatest common factor of 3499 and 361373221.
3499
Calculate the highest common factor of 30376844 and 424.
212
Calculate the highest common factor of 3035875 and 5705.
815
What is the highest common factor of 298804016 and 1008?
112
What is the highest common factor of 252539 and 26789?
301
Calculate the highest common divisor of 350126 and 1022.
14
What is the highest common factor of 1535895 and 2052045?
1395
What is the greatest common divisor of 407009312 and 20096?
5024
What is the greatest common divisor of 16233 and 402927?
21
Calculate the greatest common factor of 2537 and 23779.
43
What is the highest common divisor of 6 and 2039426?
2
Calculate the highest common divisor of 7896 and 27634026.
1974
Calculate the highest common factor of 40056216 and 516.
12
What is the highest common factor of 11743329 and 5538?
2769
Calculate the greatest common divisor of 4696426 and 14462.
14
Calculate the greatest common divisor of 28505400 and 60.
60
Calculate the highest common factor of 972632 and 376.
8
What is the greatest common divisor of 102858 and 986265?
651
What is the highest common divisor of 11592364 and 980?
28
Calculate the greatest common factor of 19600 and 25600.
400
Calculate the highest common divisor of 182442 and 7878.
78
Calculate the greatest common divisor of 2426 and 79616468.
2426
Calculate the greatest common factor of 1257 and 285048633.
1257
Calculate the greatest common divisor of 20 and 12971895.
5
What is the greatest common divisor of 31832 and 2704509?
173
What is the greatest common factor of 99798816 and 1248?
1248
What is the highest common divisor of 2881082 and 1498?
214
What is the highest common divisor of 2627534 and 6734?
182
Calculate the greatest common factor of 81963 and 252.
63
What is the greatest common factor of 11697805 and 455?
35
Calculate the highest common factor of 617892 and 466741.
1661
Calculate the highest common divisor of 74544141 and 6.
3
What is the highest common factor of 4398 and 19218?
6
What is the highest common divisor of 59999970 and 1938?
102
What is the highest common divisor of 2802061869 and 5298?
2649
Calculate the greatest common divisor of 2088 and 30134952.
72
What is the greatest common divisor of 1480896032 and 6468?
2156
What is the highest common divisor of 8217 and 16640919?
747
What is the greatest common divisor of 25336 and 6640?
8
What is the highest common factor of 30100359 and 1731?
1731
Calculate the greatest common divisor of 75